- 1346. Calculate the remainder when j is divided by 6.
5
Suppose 168*f + 16 = 172*f. Let h(k) = 4*k**3 - 9*k**2 + 4*k - 6. What is the remainder when h(f) is divided by 18?
14
Suppose q - 10 = -0*q. Suppose 0 = -4*m - 3*i + 7*i + 16, -m = -2*i - 5. Suppose 6*y - 5*y = 0, m = p + y. Calculate the remainder when q is divided by p.
1
Let i = 23907 + -15426. Calculate the remainder when i is divided by 12.
9
Let o be 416/(-7)*49/(-14). Suppose 0 = z + o - 222. Let b = -61 - -88. What is the remainder when b is divided by z?
13
Suppose -5*n = -4*n - 278. Suppose -n*l = -274*l - 112. What is the remainder when l is divided by 12?
4
Let n(d) = 301*d**2 + 891*d - 17. What is the remainder when 225 is divided by n(-3)?
16
Let w = 60 - -8. Let n = 79 + 52. What is the remainder when n is divided by w?
63
Suppose -2 = u + 3, 5*t = 5*u + 105. Suppose 20*i = t*i - 12. Calculate the remainder when 28 is divided by ((-15)/2)/((-75)/20 - i).
8
Suppose -3*b + 2*d + 307 = d, -2*b - 2*d = -202. Suppose -b - 88 = -c. Calculate the remainder when c is divided by 28.
22
Let m = 69 - 10. Suppose -m*y - 252 = -71*y. Calculate the remainder when 293 is divided by y.
20
Let m(o) = 6*o - 4. Let a be m(1). Calculate the remainder when 104 is divided by 46 + -8 + 5/(a - 1).
18
Calculate the remainder when 8*2/(-32)*1 - 10750/(-4) is divided by 27.
14
What is the remainder when -2 + 9 + 90 + 7 is divided by 51?
2
Suppose -5*m + 91*f - 88*f + 2552 = 0, -3*m + 2*f + 1531 = 0. What is the remainder when m is divided by 19?
17
Let d(x) = -3*x + 42 - 8 + 1. Suppose 0 = -h - 2*f - 12, -3*h - 2*h - 104 = -f. What is the remainder when d(h) is divided by 16?
15
Suppose 16*w + 2 = 98. Suppose 1 + 65 = w*f. What is the remainder when f is divided by 5?
1
Let n = -137 - -133. What is the remainder when 2/(-8) - n/((-64)/(-1604)) is divided by 28?
16
Let d = 32 + -8. Suppose 5*r + 56 = x - 0*x, -r = -3*x + 210. Suppose f = 22 + x. What is the remainder when f is divided by d?
21
Calculate the remainder when ((-1025)/(-50) + -22)*7364/(-6) is divided by 205.
201
Let t = -42236 - -42481. Calculate the remainder when 16658 is divided by t.
243
Let o = -181143 - -181257. Let u(t) = t + 30. Calculate the remainder when o is divided by u(0).
24
Suppose -731*i + 723*i = -992. Calculate the remainder when i is divided by 75.
49
Let a = -1 + -3. Let c(g) = g**2 + 42*g - 225. What is the remainder when c(-47) is divided by a/(-14) + 141/21?
3
Suppose 9 = 2*p + 3, j - 47 = -p. Let b = 4775 + -4645. What is the remainder when b is divided by j?
42
Suppose -b + 7 = 4*c - 116, -5*b + 75 = 2*c. Let z = c + -28. Suppose 2*h = 3*s + 74, -z*s - 84 + 10 = -2*h. Calculate the remainder when 145 is divided by h.
34
Let k(x) = 4*x - 14. Suppose 0 = -18*t + 4*t + 602. Suppose 0 = -5*v + t + 7. Calculate the remainder when 49 is divided by k(v).
23
Let l = 7466 + -7449. What is the remainder when 3076 is divided by l?
16
Let t(g) = 4*g + 14. Let r be t(-6). Let n be (4/6)/(-3 - r/3). What is the remainder when 35 is divided by 4/(-10) + (-94)/(-20)*n?
8
Let d(t) = -5*t**3 - 78*t**2 + 27*t + 11. Calculate the remainder when 195 is divided by d(-16).
13
Let u = -840 - -856. What is the remainder when 27 is divided by u?
11
Let n = 134 + -127. Suppose 0 = k - 4*u - n, 5 = -5*u - 0*u. Calculate the remainder when 16 is divided by k.
1
Let x be (-1)/(((-2)/(-776))/((-6)/(-8))). Let k = -248 - x. What is the remainder when 298 is divided by k?
40
Let w(q) = -49*q + 33. Let s be w(-3). Let j = s - 159. Let x = -126 + 228. Calculate the remainder when x is divided by j.
18
Let d be (-1)/(2/(-4)) - -2. Let v(o) = -57*o - 558. Calculate the remainder when (3 + (-58)/d)*-2 is divided by v(-10).
11
Let c(f) = -f**2 - 9*f + 44. Let t be c(-12). Calculate the remainder when 84 + 0 + t/(-2) is divided by 35.
10
Suppose 7919 - 2604 + 23389 = 48*m. Calculate the remainder when m is divided by 64.
22
Let y = -14355 - -14358. What is the remainder when 48 is divided by y?
0
Let b = -13178 - -13208. What is the remainder when 107 is divided by b?
17
Let n = -58 + 143. Let d = -724 + 735. What is the remainder when n is divided by d?
8
Suppose -3*f + 188 = 2*p, 21*p = 17*p + 6*f + 400. Calculate the remainder when 385 is divided by p.
94
Suppose 3*o - 5*g = 42, -2*o - 4*g = -3*o + 21. Suppose 4*a = o + 19. Let z = -95 - -114. Calculate the remainder when z is divided by a.
5
Let d = -103 - -105. Suppose d*m = 5*y + 367, y = -17*m + 20*m - 557. What is the remainder when m is divided by 27?
24
Suppose 250*u - 283084 = -141*u. What is the remainder when u is divided by 8?
4
Let g = 40 + -44. Suppose -10*r - 52 = -11*r. What is the remainder when r is divided by (g/16)/(1/(-44))?
8
Let o(j) = j**2 - 7*j - 11. Let m be o(-2). Calculate the remainder when 58 - (4 + -6 + m) is divided by 18.
17
Suppose 0 = 71*b - 61*b - 1820. Suppose 0 = -9*a + 7*a + b. What is the remainder when a is divided by 24?
19
Suppose 13*a + 524 - 2357 = 0. Suppose -243*x + 246*x - a = 0. What is the remainder when x is divided by 10?
7
Suppose 384 = 17*a - 12519. Suppose 7*o - a = -192. What is the remainder when o is divided by 12?
9
Let s(r) = -r - 36. Let v be s(-41). Suppose -h + v*b = -153, -7*h + 11*h + 2*b - 612 = 0. Calculate the remainder when h is divided by 5.
3
Let z(i) = 119*i**2 - 5*i + 5. Let u be z(2). Suppose 80 = -23*d + u. Calculate the remainder when d is divided by 9.
8
Let a(z) = 5*z - 132. Suppose 22 = 2*y + 2*h, 4*y + 0*h = 5*h + 80. Let w = 17 - y. What is the remainder when a(29) is divided by w?
1
Let w(z) = 52*z - 185. Calculate the remainder when 1126 is divided by w(4).
22
Suppose -5*k + 4*k = -80. Suppose n = 5*n - k. Suppose -129*b = 95*b - 283 - 389. What is the remainder when n is divided by b?
2
Let r = 138 - 70. Let w = -478 - -478. Suppose -20*n + 6*n + 196 = w. What is the remainder when r is divided by n?
12
Let v(z) = z**3 + 9*z**2 - 2*z + 322. What is the remainder when 167 is divided by v(-11)?
65
Let w be (18/15)/(3/525). Suppose -30*c + w = -24*c. Calculate the remainder when c is divided by 12.
11
Let n(u) = u**3 + 17*u**2 - 17*u + 26. Let y be n(-18). Let i = y + -3. What is the remainder when i is divided by 1?
0
Suppose 24*y = -21*y - 14086 + 104671. What is the remainder when y is divided by 42?
39
Let t = 3775 + -2039. What is the remainder when t is divided by 76?
64
Suppose -315 + 1945 = 50*t - 2120. Calculate the remainder when 101 is divided by t.
26
Let u = -165 - -175. Suppose 4*j = -0*j + 188. What is the remainder when (-3)/(-12)*4*j is divided by u?
7
Suppose -3694 = 9*g - 7447. What is the remainder when 447 is divided by g?
30
Suppose -350*b = -365*b + 210. What is the remainder when 514 is divided by b?
10
Let s(u) = u**2 - 18*u + 11. Let f be s(9). Let i = f - -87. What is the remainder when 30 is divided by i?
13
Suppose -5*y - 3*t = -0*y - 18, 0 = 4*y - 3*t - 9. Suppose -y*d - 505 = 2*d. Let j = -62 - d. Calculate the remainder when j is divided by 8.
7
Suppose 4*i + 8 = 0, 15*q + 61 = 16*q + 2*i. Suppose 2*g = 3*z + 19, -9 = -5*z + 6. What is the remainder when q is divided by g?
9
Suppose -4*u - 1469 = -5*z - 6*u, -4*z = 2*u - 1176. Let i = -286 + z. Calculate the remainder when i is divided by 5.
2
Suppose u = 3 + 1. Suppose -12*s + u*s = -1128. Calculate the remainder when s is divided by 18.
15
Let n = -21190 - -21202. What is the remainder when 3462 is divided by n?
6
Suppose 0 = y - n - 25, 4*y + 7*n - 91 = 2*n. Let t(m) = -6*m + 163 + 4*m + 6*m + 15. What is the remainder when t(-35) is divided by y?
14
Suppose u = 4*u - 147. Suppose -862*v + 433*v - 416 = -461*v. Calculate the remainder when u is divided by v.
10
Suppose 248 = 4*c + 2*s, 62*c + 3*s - 47 = 61*c. Let r = 1067 + -158. What is the remainder when r is divided by c?
64
Suppose -105*a - 2*k = -109*a + 286, -4*k = -4*a + 276. Calculate the remainder when 196 is divided by a.
48
Let w(u) = -318*u**2 + 5*u + 2. Let l be w(-1). Calculate the remainder when 31 is divided by (l/4)/(-3) + (-1)/(-4).
4
Suppose 5*j + x = 133, 58*x = 3*j + 63*x - 71. What is the remainder when 758 is divided by j?
2
Let f(y) = -y**2 - 24*y - 23. Let b = 8 - -27. Let r = b - 24. What is the remainder when f(-21) is divided by r?
7
Let g(q) = 204*q